ltiple of 5484?
False
Is 185 a factor of 245434875?
True
Is 87 a factor of 33214686?
True
Is 94 a factor of 4158184?
True
Is 43 a factor of 39316835?
True
Is 68931216 a multiple of 8?
True
Does 377 divide 367112802?
False
Is 127531290 a multiple of 2941?
False
Is 6300 a factor of 4556046600?
True
Is 11 a factor of 819200542?
False
Is 672 a factor of 757647072?
True
Is 1633030402 a multiple of 11?
False
Is 26552058 a multiple of 417?
True
Is 279381504 a multiple of 96?
True
Is 178 a factor of 58158943?
False
Is 9 a factor of 1286398701?
True
Is 1177 a factor of 2070751419?
True
Is 49 a factor of 51963912?
True
Does 1773 divide 790036389?
True
Does 130 divide 70057867?
False
Is 57 a factor of 115992663?
True
Is 351002699 a multiple of 2515?
False
Does 310 divide 116918360?
True
Does 17 divide 91207176?
True
Is 821801925 a multiple of 1775?
True
Does 490 divide 50053990?
True
Is 2425 a factor of 1629163500?
True
Does 2 divide 11512937?
False
Does 14 divide 299248520?
False
Is 48598755 a multiple of 1985?
True
Does 346 divide 34772487?
False
Does 1356 divide 40393884?
True
Does 19 divide 2116379151?
False
Is 1568490 a multiple of 21?
True
Is 23 a factor of 3315106821?
False
Does 82 divide 76189140?
False
Does 729 divide 119261064?
False
Is 3 a factor of 11919828?
True
Is 18935351 a multiple of 68?
False
Is 3248 a factor of 2549554279?
False
Is 1542026869 a multiple of 4144?
False
Is 147 a factor of 16314404?
False
Does 1336 divide 51848824?
True
Is 52 a factor of 15491008?
True
Does 414 divide 8605818?
True
Is 62361901 a multiple of 11?
False
Is 977362596 a multiple of 153?
False
Is 20 a factor of 349979500?
True
Is 67 a factor of 17965916?
True
Is 14 a factor of 497848075?
False
Is 8 a factor of 49759368?
True
Does 72 divide 621512243?
False
Is 6 a factor of 484623521?
False
Is 774984665 a multiple of 41?
True
Is 1417 a factor of 487751731?
False
Does 30 divide 49446030?
True
Is 4 a factor of 4962937?
False
Is 13359658 a multiple of 97?
False
Is 1638 a factor of 5102257152?
False
Does 15 divide 1151760?
True
Is 100619736 a multiple of 24?
True
Is 21673385 a multiple of 1819?
True
Is 910 a factor of 54117343?
False
Is 4393321930 a multiple of 1501?
True
Does 1756 divide 533042580?
True
Is 8 a factor of 1059641162?
False
Is 22 a factor of 1986760160?
True
Is 2274031026 a multiple of 333?
True
Is 26264313 a multiple of 123?
True
Does 185 divide 163448037?
False
Is 3030659856 a multiple of 4548?
True
Is 283 a factor of 574937247?
False
Does 237 divide 6339039?
True
Is 729 a factor of 69696515?
False
Does 880 divide 1023920758?
False
Does 9 divide 161414857?
False
Is 4706108 a multiple of 6?
False
Is 1002 a factor of 5783641?
False
Is 57 a factor of 121800621?
True
Is 3863776 a multiple of 329?
True
Is 256 a factor of 245117184?
True
Is 3108 a factor of 222635364?
True
Is 33 a factor of 249627737?
False
Is 8699741 a multiple of 379?
False
Is 107 a factor of 314459700?
False
Is 154 a factor of 117195848?
True
Is 70111921 a multiple of 197?
False
Is 157181442 a multiple of 21?
False
Is 259 a factor of 9089625?
False
Is 11 a factor of 81700532?
False
Is 35 a factor of 386879858?
False
Is 324861759 a multiple of 6886?
False
Is 10 a factor of 54662478?
False
Does 961 divide 885624926?
True
Is 29855328 a multiple of 109?
False
Does 40 divide 1860716970?
False
Is 233 a factor of 70202434?
True
Is 1133486056 a multiple of 99?
False
Is 87 a factor of 746788947?
True
Does 20 divide 85301521?
False
Does 7728 divide 1903800882?
False
Is 240 a factor of 650060640?
True
Is 45 a factor of 89847657?
False
Does 5518 divide 6415949837?
False
Is 199927332 a multiple of 121?
True
Does 4882 divide 3161153584?
True
Is 2482372697 a multiple of 1234?
False
Is 42 a factor of 955620960?
True
Is 74844729 a multiple of 280?
False
Is 23750766 even?
True
Is 306 a factor of 65961525?
False
Is 45466830 a multiple of 90?
True
Is 11 a factor of 4687119997?
False
Is 951 a factor of 219788022?
False
Does 59 divide 3071617?
False
Is 42606782 a multiple of 2?
True
Is 237154197 a multiple of 664?
False
Does 21 divide 170762970?
True
Is 904069074 a multiple of 616?
False
Does 11 divide 7126999?
True
Does 20 divide 1030766040?
True
Is 205 a factor of 417609190?
True
Is 242324800 a multiple of 295?
True
Is 114994120 a multiple of 263?
True
Does 757 divide 5733274246?
True
Is 229941930 a multiple of 214?
True
Is 210 a factor of 507112645?
False
Does 146 divide 4520908?
False
Is 18 a factor of 51091376?
False
Does 2580 divide 287703540?
True
Does 2090 divide 7980901?
False
Does 24 divide 924222096?
True
Is 12 a factor of 430609454?
False
Is 9927257 a multiple of 7?
False
Is 182 a factor of 20650067?
False
Does 2117 divide 64305992?
True
Does 1083 divide 854812983?
True
Does 443 divide 102075?
False
Does 891 divide 123404317?
False
Does 29 divide 70266908?
False
Does 14989 divide 2122157609?
True
Does 5553 divide 2932737607?
False
Does 252 divide 133218288?
True
Is 394113621 a multiple of 2?
False
Is 1666 a factor of 348961110?
False
Is 17 a factor of 14479343?
False
Is 700 a factor of 286929300?
True
Is 11795000 a multiple of 2696?
True
Does 138 divide 1588841867?
False
Is 4851 a factor of 264064185?
True
Is 23 a factor of 10257172?
True
Is 1078 a factor of 1477629692?
True
Is 1660072037 a multiple of 1471?
False
Is 41778719 a multiple of 417?
False
Does 59 divide 115325766?
True
Does 3268 divide 2772414336?
True
Is 716 a factor of 363241836?
True
Is 14 a factor of 62163885?
False
Is 494 a factor of 20458301?
False
Is 623 a factor of 166807597?
False
Is 326543319 a multiple of 27?
True
Does 13 divide 28879812?
True
Is 16 a factor of 946308352?
True
Is 8 a factor of 21161495?
False
Does 206 divide 113337744?
False
Is 51203345 a multiple of 755?
True
Is 7 a factor of 28120904?
True
Is 156100709 a multiple of 614?
False
Is 22246217 a multiple of 497?
True
Does 326 divide 85915947?
False
Does 1030 divide 389095890?
True
Is 603824865 a multiple of 426?
False
Is 125469513 a multiple of 2171?
False
Does 2 divide 61917789?
False
Is 1403110 a multiple of 7?
False
Is 271530278 a multiple of 89?
True
Is 201147953 a multiple of 76?
False
Is 8 a factor of 19146224?
True
Is 12313 a factor of 3483388028?
False
Is 17 a factor of 31033755?
True
Does 20 divide 38606540?
True
Is 95 a factor of 115516458?
False
Does 12 divide 1654425816?
True
Is 6 a factor of 43092937?
False
Is 1326 a factor of 517340657?
False
Does 512 divide 100289898?
False
Does 21 divide 28613870?
False
Is 33950175 a multiple of 3?
True
Is 51363089 a multiple of 29?
True
Does 10 divide 2244778136?
False
Is 150361536 a multiple of 104?
True
Is 6876673 a multiple of 6?
False
Is 184616768 a multiple of 152?
True
Is 32753578 a multiple of 195?
False
Is 4999 a factor of 2620669591?
False
Is 696603726 a multiple of 741?
True
Is 218475820 a multiple of 267?
False
Is 4690179 a multiple of 11?
False
Is 129 a factor of 47852617?
False
Is 20 a factor of 328857704?
False
Does 123 divide 1291861374?
True
Does 10 divide 1682020440?
True
Is 646 a factor of 146528950?
True
Is 4027981 a multiple of 83?
False
Is 115768380 a multiple of 1631?
True
Does 15 divide 75330795?
True
Is 427158438 a multiple of 483?
True
Is 58360116 a multiple of 68?
True
Does 802 divide 83321668?
False
Does 157 divide 641962010?
True
Is 56 a factor of 185182218?
False
Is 130460437 a multiple of 396?
False
Is 722 a factor of 837540602?
False
Is 30 a factor of 1486829838?
False
Does 40 divide 59088149?
False
Does 26 divide 1102035562?
False
Does 185 divide 9349175?
False
Does 151 divide 264021?
False
Is 64 a factor of 122315136?
True
Does 7 divide 7360954?
False
Is 358 a factor of 28236132?
False
Does 1037 divide 173895622?
False
Is 38163261 a multiple of 29?
False
Is 1099668890 a multiple of 39?
False
Is 101 a factor of 11608644?
False
Is 43 a factor of 56615670?
False
Is 221363461 a multiple of 191?
True
Is 13 a factor of 458333408?
True
Does 955 divide 355551854?
False
Is 9 a factor of 3019967316?
True
Does 5 divide 52972301?
False
Is 37 a factor of 39488296?
False
Is 76 a factor of 84384472?
True
Does 12386 divide 1296148359?
False
Is 14724065 a multiple of 533?
False
Is 12337031 a multiple of 7?
True
Is 28054541 a multiple of 1696?
False
Is 34524041 a multiple of 5?
False
Is 17